r of 30 and d.
10
Let l be (4/2)/((-2)/(-49))*(-9540)/(-5565). What is the highest common divisor of 1876 and l?
28
Let v = 47 - 38. Let q = 587 + -362. What is the highest common divisor of q and v?
9
Let w be 399/6*80/(-28). Let c = -118 - w. Calculate the greatest common factor of 96 and c.
24
Suppose -4*o = 5*t - 12080, t + 11687 = 5*o - 3384. What is the highest common divisor of 45 and o?
45
Let k = 2357 - 1372. Let l = k + -697. What is the greatest common divisor of 216 and l?
72
Let t = -11030 + 11068. Let z = -306 + 914. Calculate the highest common factor of z and t.
38
Let r be (7810/(-20))/(1/(-4)). Calculate the greatest common factor of 142 and r.
142
Let y(s) = 2*s**3 - 5*s**2 + 4*s - 3. Let p be y(3). Let h be ((-15)/2 - -7) + (-381)/(-6). What is the greatest common divisor of p and h?
9
Suppose -116 = 3*u - 806. What is the greatest common divisor of u and 140?
10
Suppose 0*w - 2*w = -8, 0 = 5*i - 3*w + 2. Suppose 4*z = -i*z + 156. Calculate the greatest common factor of 2 and z.
2
Suppose -a - 5*g + 2 = 0, -3*g = 54*a - 57*a + 6. Suppose -a*c - 2 = -102. Calculate the greatest common factor of 2 and c.
2
Let a be 10/((-189)/(-324)*(-2)/(-6454)). Calculate the greatest common factor of a and 40.
40
Suppose -5*d = -0*k - 3*k + 13, 3*d = -4*k + 56. Suppose 0 = -g + 3, -2*g = -4*y + y. What is the highest common divisor of y and k?
1
Let a(j) = -72*j + 14. Let g be a(-6). Let y = g + -308. Let n = y - -5. What is the greatest common divisor of 13 and n?
13
Let c = 26535 + -8211. Calculate the highest common factor of 36 and c.
36
Suppose 2*g + 23 = -5*a + 6, 5*g - a + 2 = 0. Let r(t) = -14 - 3*t + 18 + 6*t - 10*t + t. Let d be r(g). Calculate the highest common factor of d and 30.
10
Let c(z) = 24*z + 36. Let l be c(3). Suppose 61*b - l = 52*b. What is the greatest common divisor of b and 4?
4
Let o be ((-3)/(-2) - 2)/((-2)/2468). Suppose -3*s + 66*l - 61*l + o = 0, 5*l = s - 209. Calculate the highest common factor of s and 3.
3
Let v(p) = -22*p + 2582. Let z be v(55). What is the greatest common divisor of z and 126?
14
Let v(u) = u**3 - 95*u**2 + 171*u + 1411. Let l be v(93). What is the greatest common divisor of l and 8408?
8
Let o = 777 + -397. Let s be ((-56)/10)/(-8 + o/50). What is the greatest common divisor of 427 and s?
7
Let v(x) = -3*x**2 + 96*x + 19. Let u be v(27). Calculate the highest common divisor of u and 1961.
53
Let z(w) = 5*w**2 + 2*w - 11. Let s be z(4). Let g = 80 - s. Suppose -8*o = 2*l - g*o - 165, 4*l - 306 = -2*o. What is the greatest common divisor of 15 and l?
15
Let t be (832/12)/8*15. Let l be (360/(-32))/(2/(32/(-6))). What is the greatest common divisor of l and t?
10
Let r = -93 + 98. Suppose 0 = r*w + 7*w - 936. What is the highest common divisor of w and 6?
6
Let z = -128 + 188. Let v be (10/8)/(((-23)/(690/4))/(960/(-225))). Calculate the greatest common factor of v and z.
20
Suppose 2*m = 18 - 8. Let j be 5/(50/m)*2. Let k be j - -1 - 152/(-8). Calculate the highest common divisor of 105 and k.
21
Suppose 4*n - 21789 = -3*a, 41*n + 10905 = 43*n + 3*a. What is the highest common divisor of n and 6?
6
Let g = -105 + 481. Let v = 40848 + -40801. What is the highest common divisor of g and v?
47
Suppose 23*w - 7*w - 16432 = 0. What is the greatest common divisor of 79 and w?
79
Let q(u) = u**2 - 7*u - 10 - u + 2*u. Let a be q(-4). Let p(k) = -k**2 + 7*k + 36. Let t be p(10). What is the highest common divisor of a and t?
6
Let w(u) = 26*u - 65*u + 21*u - 40 + 22*u. Let r = 35 - 23. Let m be w(r). What is the highest common divisor of 104 and m?
8
Let u(n) = -6*n**3 - 2*n**2 + 6*n + 5. Let g be u(-5). Suppose -17*x = 8*x - g. Calculate the highest common factor of x and 3.
3
Let h = 5 + 26. Suppose -315 + h = -4*i. Let z = -50 + i. What is the greatest common factor of z and 14?
7
Let p(o) = -o**3 + 13*o**2 + 24*o - 359. Let l be p(10). Calculate the highest common divisor of l and 6697.
181
Suppose -3*n - 2*r - 4 = 0, 3 = -2*n - 2*n - 5*r. Let w(a) = -67*a**3 - 6*a**2 - 4*a - 3. Let t be w(n). What is the greatest common factor of 47 and t?
47
Let u = 80270 - 80237. Let p be (0 - -1)*(-3 - 3). Let l(b) = -b - 3. Let m be l(p). Calculate the greatest common factor of u and m.
3
Suppose 26512*w - 26596*w + 5108 - 2000 = 0. Let m(j) = 9*j**2 + 6*j + 8. Let g be m(-7). Calculate the greatest common factor of w and g.
37
Let p(v) = v**2 + 29*v - 238. Let m be p(9). Suppose -5*n + 2*i = -98, 5*n + 18*i = 14*i + m. What is the greatest common factor of n and 60?
20
Let v = -1770 - -1994. Calculate the greatest common divisor of 189 and v.
7
Suppose -26*g + 22*g = -5*u - 195, -4*g = 2*u - 202. Calculate the greatest common divisor of 1250 and g.
50
Let i(j) = -2. Let n(o) = -79*o**2 + 2*o + 3. Let f(s) = -i(s) - n(s). Let a be f(-1). Calculate the highest common divisor of a and 60.
20
Let v be (2 - 2)/(2*1). Let u be (-2 - -3) + 101 + -94. Suppose 0*m - m + u = v. Calculate the highest common divisor of m and 8.
8
Let t = -3962 + 3968. Let d = -1 + 1. Suppose t*c - 81 - 81 = d. Calculate the greatest common factor of c and 54.
27
Let s be ((-2255)/(-25) - 3) + 6/(-5) + 2. Calculate the highest common factor of s and 3069.
11
Let f be 36/144 + 14/8. Let m(v) = v**3 - 9*v**2 + 11*v - 6. Let a be m(8). What is the highest common factor of f and a?
2
Suppose 0 = -636*z + 473*z + 11410. Calculate the highest common factor of z and 5075.
35
Let y(o) = 12*o**3 + o**2 - 27*o + 73. Let s be y(3). Calculate the highest common divisor of s and 143.
13
Suppose 272*p = 1357*p - 52080. Suppose v + 705 - 250 = 0. Let k = v - -647. What is the highest common divisor of k and p?
48
Suppose 0 = -3*r + 8*r + 715. Let p be (-2)/11 - 312/r. Suppose -4 = -v + 3*k - 0*k, 0 = -v - p*k + 14. What is the greatest common factor of 10 and v?
10
Suppose 2*q = 0, 4*k + 3*q - 17 + 5 = 0. Suppose x - 3*n - 2*n = 29, 0 = 2*x - k*n - 23. Calculate the highest common factor of x and 76.
4
Let t be (-26 - -49 - 46) + 380. Let y(d) = -10*d - 9. Let n be y(-6). Calculate the highest common factor of t and n.
51
Let u = 18 + -13. Suppose -26*q + 32*q = 0. Suppose 2*n - 2*b - 72 = q, -2*n + 5*b + 21 = -54. What is the greatest common divisor of n and u?
5
Let d = -26 - -36. Suppose 273 = -9*x + d*x. Calculate the highest common divisor of x and 21.
21
Let k = -9095 - -9155. Let p be -2 + 10 + -4 - -128. What is the highest common divisor of p and k?
12
Suppose -5*q + 0*r = 5*r - 35, 0 = 2*q - 4*r + 4. Suppose -s = -6*u + 10*u - 228, q*u - 212 = 3*s. What is the greatest common divisor of 224 and u?
56
Let i = 2 - -97. Let g(n) = -n**3 + 8*n**2 - 3*n + 35. Let u(o) = 7*o**3 + o**2. Let f be u(1). Let b be g(f). Calculate the highest common factor of i and b.
11
Let b(j) = j**2 + 5. Let i be b(-2). Suppose 12*o - 9*o = -i. Let t be (-2)/((-12)/o)*-2. What is the greatest common factor of 2 and t?
1
Let c be -4*(-4)/56 + (-165)/(-35) + 9. Calculate the highest common factor of 2 and c.
2
Suppose -3*t = -6, 2*n + 344 = -2*n + 2*t. Let i = -75 - n. Let j = 3 + -1. What is the greatest common divisor of i and j?
2
Suppose -4*i + 164 = 4*u, -u - 4*i - 156 = -5*u. Let x be 21 + 39 + (-1 - -1). Calculate the highest common factor of u and x.
20
Let l(d) = -d**3 - 24*d**2 - 52*d - 176. Let g be l(-25). Calculate the highest common factor of 297 and g.
33
Let p be 4 - (-136 + 86)*(-1)/(-2). Suppose 0 = 5*j - 5*w + 20, 4*j + 2*w - 14 = -0*w. Calculate the highest common divisor of j and p.
1
Let f = -673 - -665. Let l be f/(-10) + 7310/50. Calculate the highest common factor of 84 and l.
21
Let b = 79 - 130. Let a be (-624)/(-9)*b/(-34). What is the greatest common divisor of a and 32?
8
Let z(g) = -14*g - 90. Let a be z(-5). Let c be 84 + a/50*-15. What is the highest common factor of 18 and c?
18
Let h(s) = -213*s**3 - 9*s**2 - 20*s - 71. Let p be h(-4). What is the highest common factor of p and 33?
33
Suppose 178 = 11*z + 1740. Let p = z + 147. Let r(l) = 2*l**2 - 3*l - 5. Let m be r(4). What is the highest common factor of m and p?
5
Suppose 52*v - 1960 = 33*v + 5*v. Calculate the greatest common factor of 70 and v.
70
Let b be (-3 + (-308)/8)*378/9*-7. Calculate the highest common divisor of b and 42.
21
Let w(f) = f**3 - 5*f**2 - 5*f - 4